units digit of 109361?
1
What is the hundreds digit of 17154?
1
What is the units digit of 1117?
7
What is the hundreds digit of 8652?
6
What is the hundreds digit of 80611?
6
What is the ten thousands digit of 53349?
5
What is the thousands digit of 29197?
9
What is the hundreds digit of 5644?
6
What is the hundreds digit of 1953?
9
What is the hundreds digit of 5922?
9
What is the units digit of 685?
5
What is the thousands digit of 5387?
5
What is the hundreds digit of 60299?
2
What is the thousands digit of 4141?
4
What is the tens digit of 7234?
3
What is the tens digit of 28665?
6
What is the tens digit of 62680?
8
What is the hundreds digit of 938?
9
What is the ten thousands digit of 11578?
1
What is the units digit of 491?
1
What is the thousands digit of 3601?
3
What is the units digit of 1059?
9
What is the units digit of 125991?
1
What is the hundred thousands digit of 173109?
1
What is the hundreds digit of 9821?
8
What is the tens digit of 138643?
4
What is the units digit of 717?
7
What is the units digit of 891?
1
What is the units digit of 33344?
4
What is the thousands digit of 2194?
2
What is the tens digit of 292?
9
What is the thousands digit of 16430?
6
What is the hundreds digit of 152?
1
What is the units digit of 949?
9
What is the tens digit of 1179?
7
What is the ten thousands digit of 53952?
5
What is the hundreds digit of 2261?
2
What is the thousands digit of 2548?
2
What is the hundreds digit of 2193?
1
What is the units digit of 14593?
3
What is the hundreds digit of 4189?
1
What is the tens digit of 5530?
3
What is the thousands digit of 4825?
4
What is the tens digit of 73971?
7
What is the tens digit of 16386?
8
What is the units digit of 2007?
7
What is the hundreds digit of 2337?
3
What is the units digit of 2114?
4
What is the thousands digit of 1749?
1
What is the units digit of 23732?
2
What is the tens digit of 15039?
3
What is the units digit of 37693?
3
What is the thousands digit of 24210?
4
What is the thousands digit of 6623?
6
What is the hundreds digit of 3725?
7
What is the tens digit of 461?
6
What is the tens digit of 4769?
6
What is the units digit of 33223?
3
What is the hundreds digit of 5578?
5
What is the hundreds digit of 51272?
2
What is the hundreds digit of 18568?
5
What is the thousands digit of 128322?
8
What is the units digit of 1611?
1
What is the hundreds digit of 13727?
7
What is the ten thousands digit of 12916?
1
What is the hundreds digit of 3453?
4
What is the hundreds digit of 2630?
6
What is the hundreds digit of 10718?
7
What is the units digit of 1106?
6
What is the thousands digit of 1412?
1
What is the hundreds digit of 14965?
9
What is the units digit of 61710?
0
What is the hundreds digit of 4726?
7
What is the thousands digit of 2529?
2
What is the tens digit of 955?
5
What is the hundreds digit of 1172?
1
What is the hundreds digit of 1685?
6
What is the units digit of 25493?
3
What is the thousands digit of 3974?
3
What is the thousands digit of 158551?
8
What is the tens digit of 815?
1
What is the hundreds digit of 12872?
8
What is the thousands digit of 2318?
2
What is the tens digit of 5687?
8
What is the tens digit of 8360?
6
What is the hundred thousands digit of 160344?
1
What is the thousands digit of 2980?
2
What is the tens digit of 681?
8
What is the ten thousands digit of 13829?
1
What is the units digit of 7236?
6
What is the tens digit of 721?
2
What is the hundreds digit of 1865?
8
What is the hundreds digit of 33115?
1
What is the thousands digit of 54744?
4
What is the units digit of 665?
5
What is the thousands digit of 23932?
3
What is the hundreds digit of 5434?
4
What is the tens digit of 3704?
0
What is the units digit of 678?
8
What is the tens digit of 144456?
5
What is the hundreds digit of 9988?
9
What is the thousands digit of 1264?
1
What is the tens digit of 301?
0
What is the ten thousands digit of 53929?
5
What is the thousands digit of 1557?
1
What is the thousands digit of 6630?
6
What is the tens digit of 8889?
8
What is the thousands digit of 1213?
1
What is the thousands digit of 5006?
5
What is the hundreds digit of 2089?
0
What is the tens digit of 3325?
2
What is the units digit of 2386?
6
What is the tens digit of 699?
9
What is the tens digit of 153808?
0
What is the tens digit of 606?
0
What is the tens digit of 32890?
9
What is the tens digit of 24352?
5
What is the units digit of 12222?
2
What is the thousands digit of 3048?
3
What is the thousands digit of 1585?
1
What is the units digit of 2862?
2
What is the thousands digit of 1694?
1
What is the tens digit of 61302?
0
What is the thousands digit of 42096?
2
What is the thousands digit of 29938?
9
What is the units digit of 666?
6
What is the hundreds digit of 1965?
9
What is the ten thousands digit of 81829?
8
What is the tens digit of 4028?
2
What is the ten thousands digit of 35464?
3
What is the units digit of 1904?
4
What is the tens digit of 5744?
4
What is the thousands digit of 6667?
6
What is the tens digit of 2190?
9
What is the ten thousands digit of 10436?
1
What is the hundreds digit of 91388?
3
What is the hundreds digit of 2639?
6
What is the tens digit of 6966?
6
What is the units digit of 334?
4
What is the hundreds digit of 36538?
5
What is the ten thousands digit of 26718?
2
What is the ten thousands digit of 23101?
2
What is the ten thousands digit of 59779?
5
What is the tens digit of 2942?
4
What is the thousands digit of 1194?
1
What is the thousands digit of 7453?
7
What is the hundreds digit of 3838?
8
What is the hundreds digit of 82566?
5
What is the hundreds digit of 840?
8
What is the hundreds digit of 567?
5
What is the units digit of 2243?
3
What is the thousands digit of 8341?
8
What is the ten thousands digit of 82607?
8
What is the units digit of 2158?
8
What is the units digit of 471?
1
What is the ten thousands digit of 37096?
3
What is the thousands digit of 1303?
1
What is the units digit of 21332?
2
What is the hundreds digit of 2849?
8
What is the units digit of 3012?
2
What is the tens digit of 1360?
6
What is the tens digit of 920?
2
What is the thousands digit of 4954?
4
What is the tens digit of 147464?
6
What is the hundreds digit of 2012?
0
What is the tens digit of 1524?
2
What is the tens digit of 21053?
5
What is the hundreds digit of 22434?
4
What is the tens digit of 774?
7
What is the units digit of 4302?
2
What is the hundreds digit of 701?
7
What is the tens digit of 823?
2
What is the units digit of 7371?
1
What is the ten thousands digit of 98231?
9
What is the hundreds digit of 2600?
6
What is the thousands digit of 8006?
8
What is the hundreds digit of 13843?
8
What is the tens digit of 155275?
7
What is the units digit of 1799?
9
What is the thousands digit of 4681?
4
What is the units digit of 219?
9
What is the tens digit of 32925?
2
What is the tens digit of 9445?
4
What is the units digit of 4482?
2
What is the tens digit of 3060?
6
What is the hundreds digit of 33407?
4
What is the units digit of 1001?
1
What is the units digit of 5643?
3
What is the tens digit of 71537?
3
What is the units digit of 60291?
1
What is the thousands digit of 44715?
4
What is the hundreds digit of 52646?
6
What is the tens digit of 6005?
0
What is the ten thousands digit of 24084?
2
What is the hundreds digit of 32786?
7
What is the hundreds digit of 16824?
8
What is the units digit of 647?
7
What is the units digit of 5869?
9
What is the tens digit of 6101?
0
What is the thousands digit of 6830?
6
What is the hundreds digit of 1287?
2
What is the tens digit of 8723?
2
What is the thousands digit of 16074?
6
What is the tens digit of 1104?
0
What is the tens digit of 290?
9
What is the hundreds digit of 783?
7
What is the thousands digit of 1534?
1
What is the hundreds digit of 493?
4
What is the hundreds digit of 745?
7
What is the tens digit of 45227?
2
What is the hundreds digit of 2123?
1
What is the hundreds digit of 55654?
6
What is the hundred thousands digit of 122750?
1
What is the hundreds digit of 3932?
9
What is the hundreds digit of 409?
4
What is the hundreds digit of 4858?
8
What is the thousands digit of 16487?
6
What is the thousands digit of 2082?
2
What is the hundreds digit of 92717?
7
What is the te